{"id":51,"date":"2015-10-08T18:37:02","date_gmt":"2015-10-08T17:37:02","guid":{"rendered":"http:\/\/ehpad-sacre-coeur.com\/?page_id=51"},"modified":"2018-06-05T06:41:25","modified_gmt":"2018-06-05T05:41:25","slug":"les-lieux-de-vie-2","status":"publish","type":"page","link":"https:\/\/ehpad-sacre-coeur.com\/?page_id=51","title":{"rendered":"LES LIEUX DE VIE"},"content":{"rendered":"<p>LES LIEUX DE VIE<\/p>\n<p>La structure comporte 3 b\u00e2timents.<\/p>\n<p><strong>Le b\u00e2timent Notre Dame dispose :<\/strong><\/p>\n<p>Au rez-de-chauss\u00e9e :<br \/>\nUnit\u00e9 A : le hall d\u2019accueil, le bureau d\u2019accueil, un salon de coiffure, le bureau du m\u00e9decin coordonnateur, les WC visiteurs.<br \/>\nUne Unit\u00e9 de vie prot\u00e9g\u00e9e comprend 16 chambres individuelles avec cabinet de toilette, un lieu de vie et salle \u00e0 manger, une salle de bain, 2 WC communs, une salle de soins, une cuisine \u00e9quip\u00e9e et s\u00e9curis\u00e9e, des locaux rangements, un couloir de d\u00e9ambulation, une biblioth\u00e8que, un patio int\u00e9rieur.<\/p>\n<p><a href=\"http:\/\/ehpad-sacre-coeur.com\/wp-content\/uploads\/2015\/10\/sacre_coeur_dauendorf_6424.jpg\"><img loading=\"lazy\" decoding=\"async\" class=\"alignnone size-large wp-image-90\" src=\"http:\/\/ehpad-sacre-coeur.com\/wp-content\/uploads\/2015\/10\/sacre_coeur_dauendorf_6424-1024x683.jpg\" alt=\"sacre_coeur_dauendorf_6424\" width=\"640\" height=\"427\" srcset=\"https:\/\/ehpad-sacre-coeur.com\/wp-content\/uploads\/2015\/10\/sacre_coeur_dauendorf_6424-1024x683.jpg 1024w, https:\/\/ehpad-sacre-coeur.com\/wp-content\/uploads\/2015\/10\/sacre_coeur_dauendorf_6424-300x200.jpg 300w, https:\/\/ehpad-sacre-coeur.com\/wp-content\/uploads\/2015\/10\/sacre_coeur_dauendorf_6424.jpg 1200w\" sizes=\"(max-width: 640px) 100vw, 640px\" \/><\/a><\/p>\n<p>Unit\u00e9 B : vestiaires femmes et hommes, salle de pause pour le personnel, local de rangement<\/p>\n<p>Unit\u00e9 C : un plateau technique : bureau de l\u2019infirmi\u00e8re r\u00e9f\u00e9rente, bureau et lieu de rangement pour l\u2019animation, bureau de la psychologue, salle de kin\u00e9, salle de p\u00e9dicure, locaux de rangement et de stockage.<\/p>\n<p><a href=\"http:\/\/ehpad-sacre-coeur.com\/wp-content\/uploads\/2015\/10\/sacre_coeur_dauendorf_040.jpg\"><img loading=\"lazy\" decoding=\"async\" class=\"alignnone size-large wp-image-86\" src=\"http:\/\/ehpad-sacre-coeur.com\/wp-content\/uploads\/2015\/10\/sacre_coeur_dauendorf_040-1024x683.jpg\" alt=\"sacre_coeur_dauendorf_040\" width=\"640\" height=\"427\" srcset=\"https:\/\/ehpad-sacre-coeur.com\/wp-content\/uploads\/2015\/10\/sacre_coeur_dauendorf_040-1024x683.jpg 1024w, https:\/\/ehpad-sacre-coeur.com\/wp-content\/uploads\/2015\/10\/sacre_coeur_dauendorf_040-300x200.jpg 300w, https:\/\/ehpad-sacre-coeur.com\/wp-content\/uploads\/2015\/10\/sacre_coeur_dauendorf_040.jpg 1200w\" sizes=\"(max-width: 640px) 100vw, 640px\" \/><\/a><\/p>\n<p>Au 1er \u00e9tage :<br \/>\nLieux de vie : 32 chambres individuelles \u00e9quip\u00e9es, une salle de bain avec baignoire hydraulique, une salle \u00e0 manger, une v\u00e9randa, un espace d\u00e9tente, salle d\u2019animation.<br \/>\nEspace soins : un bureau des soignantes, une salle de soins, un local pharmacie, un bureau des m\u00e9decins.<br \/>\nLocaux techniques : 3 WC communs, un local lave-bassins, des locaux de rangement et de stockage.<\/p>\n<p><a href=\"http:\/\/ehpad-sacre-coeur.com\/wp-content\/uploads\/2015\/10\/sacre_coeur_dauendorf__6404.jpg\"><img loading=\"lazy\" decoding=\"async\" class=\"alignnone size-large wp-image-84\" src=\"http:\/\/ehpad-sacre-coeur.com\/wp-content\/uploads\/2015\/10\/sacre_coeur_dauendorf__6404-1024x575.jpg\" alt=\"sacre_coeur_dauendorf__6404\" width=\"640\" height=\"359\" srcset=\"https:\/\/ehpad-sacre-coeur.com\/wp-content\/uploads\/2015\/10\/sacre_coeur_dauendorf__6404-1024x575.jpg 1024w, https:\/\/ehpad-sacre-coeur.com\/wp-content\/uploads\/2015\/10\/sacre_coeur_dauendorf__6404-300x169.jpg 300w, https:\/\/ehpad-sacre-coeur.com\/wp-content\/uploads\/2015\/10\/sacre_coeur_dauendorf__6404.jpg 1200w\" sizes=\"(max-width: 640px) 100vw, 640px\" \/><\/a><\/p>\n<p><a href=\"http:\/\/ehpad-sacre-coeur.com\/wp-content\/uploads\/2015\/10\/sacre_coeur_dauendorf__6399.jpg\"><img loading=\"lazy\" decoding=\"async\" class=\"alignnone size-large wp-image-83\" src=\"http:\/\/ehpad-sacre-coeur.com\/wp-content\/uploads\/2015\/10\/sacre_coeur_dauendorf__6399-1024x683.jpg\" alt=\"sacre_coeur_dauendorf__6399\" width=\"640\" height=\"427\" srcset=\"https:\/\/ehpad-sacre-coeur.com\/wp-content\/uploads\/2015\/10\/sacre_coeur_dauendorf__6399-1024x683.jpg 1024w, https:\/\/ehpad-sacre-coeur.com\/wp-content\/uploads\/2015\/10\/sacre_coeur_dauendorf__6399-300x200.jpg 300w, https:\/\/ehpad-sacre-coeur.com\/wp-content\/uploads\/2015\/10\/sacre_coeur_dauendorf__6399.jpg 1200w\" sizes=\"(max-width: 640px) 100vw, 640px\" \/><\/a><\/p>\n<p>Au 2\u00e8me \u00e9tage :<br \/>\n35 chambres individuelles \u00e9quip\u00e9es, un lieu de vie et salle \u00e0 manger, un espace de d\u00e9tente, 3 WC communs, un local lave-bassins, des locaux de rangement et de stockage.<\/p>\n<p><a href=\"http:\/\/ehpad-sacre-coeur.com\/wp-content\/uploads\/2015\/10\/sacre_coeur_dauendorf_01.jpg\"><img loading=\"lazy\" decoding=\"async\" class=\"alignnone size-large wp-image-89\" src=\"http:\/\/ehpad-sacre-coeur.com\/wp-content\/uploads\/2015\/10\/sacre_coeur_dauendorf_01-1024x683.jpg\" alt=\"sacre_coeur_dauendorf_01\" width=\"640\" height=\"427\" srcset=\"https:\/\/ehpad-sacre-coeur.com\/wp-content\/uploads\/2015\/10\/sacre_coeur_dauendorf_01-1024x683.jpg 1024w, https:\/\/ehpad-sacre-coeur.com\/wp-content\/uploads\/2015\/10\/sacre_coeur_dauendorf_01-300x200.jpg 300w, https:\/\/ehpad-sacre-coeur.com\/wp-content\/uploads\/2015\/10\/sacre_coeur_dauendorf_01.jpg 1200w\" sizes=\"(max-width: 640px) 100vw, 640px\" \/><\/a><br \/>\nAu niveau n- 1 :<br \/>\nLa chaufferie, la blanchisserie, locaux de rangement, local poubelles.<\/p>\n<p><strong>B\u00e2timent Saint- Joseph<\/strong><\/p>\n<p><em>Au rez-de-chauss\u00e9e : <\/em><br \/>\n7 chambres individuelles \u00e9quip\u00e9es avec WC et lavabo, 1 chambre double, un salon pour les familles, la lingerie, une salle de bain commune, un local r\u00e9serve, local d\u00e9chets + linge sale et un local vidoir.<\/p>\n<p><a href=\"http:\/\/ehpad-sacre-coeur.com\/wp-content\/uploads\/2015\/10\/sacre_coeur_dauendorf_146.jpg\"><img loading=\"lazy\" decoding=\"async\" class=\"alignnone size-large wp-image-91\" src=\"http:\/\/ehpad-sacre-coeur.com\/wp-content\/uploads\/2015\/10\/sacre_coeur_dauendorf_146-1024x883.jpg\" alt=\"sacre_coeur_dauendorf_146\" width=\"640\" height=\"552\" srcset=\"https:\/\/ehpad-sacre-coeur.com\/wp-content\/uploads\/2015\/10\/sacre_coeur_dauendorf_146-1024x883.jpg 1024w, https:\/\/ehpad-sacre-coeur.com\/wp-content\/uploads\/2015\/10\/sacre_coeur_dauendorf_146-300x259.jpg 300w, https:\/\/ehpad-sacre-coeur.com\/wp-content\/uploads\/2015\/10\/sacre_coeur_dauendorf_146.jpg 1200w\" sizes=\"(max-width: 640px) 100vw, 640px\" \/><\/a><\/p>\n<p><strong>Au 1er \u00e9tage : <\/strong><br \/>\n7 chambres individuelles \u00e9quip\u00e9es avec WC et lavabo, un lieu de vie, un petit salon, une salle \u00e0 manger climatis\u00e9e avec office et cabinet de toilette, une salle de bain commune. Un secteur m\u00e9dical avec un local de soins infirmiers, un bureau pour les soignantes, le bureau du m\u00e9decin. Les sanitaires d\u2019\u00e9tage, un local lave bassin, un local stockage et un local d\u00e9chets et linge sale.<\/p>\n<p>Au 2\u00e8me \u00e9tage :<br \/>\n9 chambres individuelles \u00e9quip\u00e9es avec WC et lavabo, 1 chambre \u00e0 2 lits, un coin salon, un local de rangement, une salle d\u2019eau et les sanitaires d\u2019\u00e9tage, un local d\u00e9chets et linge sale. Les vestiaires et la salle de d\u00e9tente pour le personnel et les sanitaires (WC + douche) d\u00e9di\u00e9s.<\/p>\n<p><a href=\"http:\/\/ehpad-sacre-coeur.com\/wp-content\/uploads\/2015\/10\/sacre_coeur_dauendorf_008.jpg\"><img loading=\"lazy\" decoding=\"async\" class=\"alignnone size-large wp-image-87\" src=\"http:\/\/ehpad-sacre-coeur.com\/wp-content\/uploads\/2015\/10\/sacre_coeur_dauendorf_008-1024x700.jpg\" alt=\"sacre_coeur_dauendorf_008\" width=\"640\" height=\"438\" srcset=\"https:\/\/ehpad-sacre-coeur.com\/wp-content\/uploads\/2015\/10\/sacre_coeur_dauendorf_008-1024x700.jpg 1024w, https:\/\/ehpad-sacre-coeur.com\/wp-content\/uploads\/2015\/10\/sacre_coeur_dauendorf_008-300x205.jpg 300w, https:\/\/ehpad-sacre-coeur.com\/wp-content\/uploads\/2015\/10\/sacre_coeur_dauendorf_008.jpg 1200w\" sizes=\"(max-width: 640px) 100vw, 640px\" \/><\/a><\/p>\n<p><strong>Le B\u00e2timent \u00ab Communaut\u00e9 \u00bb et une chapelle<\/strong><\/p>\n<p><strong>Au rez-de-chauss\u00e9e :<\/strong><strong><br \/>\nLa cuisine centrale, les vestiaires pour le personnel de la cuisine, une salle \u00e0 manger pour les visiteurs<\/strong><\/p>\n<p><strong>Au 1er \u00e9tage :<\/strong><br \/>\nLes bureaux de la direction, de la comptable et de la secr\u00e9taire. Une salle de r\u00e9union et une salle informatique.<\/p>\n<p>Chaque chambre dispose de prises pour le t\u00e9l\u00e9phone et la t\u00e9l\u00e9vision et est \u00e9quip\u00e9e d\u2019appel malade.<br \/>\nVous pouvez demander l\u2019installation d\u2019une ligne t\u00e9l\u00e9phonique chez orange ou \u00e0 n\u2019importe quel installateur priv\u00e9 (il vous appartient d\u2019acquitter vos factures t\u00e9l\u00e9phoniques)<\/p>\n<p>Une aide aux actes de la vie quotidienne est apport\u00e9e par le personnel de proximit\u00e9.<\/p>\n<p>Le linge de lit, couvertures, oreiller sont fournis et entretenus par l\u2019\u00e9tablissement.<\/p>\n","protected":false},"excerpt":{"rendered":"<p>LES LIEUX DE VIE La structure comporte 3 b\u00e2timents. Le b\u00e2timent Notre Dame dispose : Au rez-de-chauss\u00e9e : Unit\u00e9 A : le hall d\u2019accueil, le bureau d\u2019accueil, un salon de coiffure, le bureau du m\u00e9decin coordonnateur, les WC visiteurs. Une Unit\u00e9 de vie prot\u00e9g\u00e9e comprend 16 chambres individuelles avec cabinet de toilette, un lieu de [&hellip;]<\/p>\n","protected":false},"author":1,"featured_media":0,"parent":0,"menu_order":70,"comment_status":"closed","ping_status":"closed","template":"","meta":{"footnotes":""},"class_list":["post-51","page","type-page","status-publish","hentry"],"_links":{"self":[{"href":"https:\/\/ehpad-sacre-coeur.com\/index.php?rest_route=\/wp\/v2\/pages\/51"}],"collection":[{"href":"https:\/\/ehpad-sacre-coeur.com\/index.php?rest_route=\/wp\/v2\/pages"}],"about":[{"href":"https:\/\/ehpad-sacre-coeur.com\/index.php?rest_route=\/wp\/v2\/types\/page"}],"author":[{"embeddable":true,"href":"https:\/\/ehpad-sacre-coeur.com\/index.php?rest_route=\/wp\/v2\/users\/1"}],"replies":[{"embeddable":true,"href":"https:\/\/ehpad-sacre-coeur.com\/index.php?rest_route=%2Fwp%2Fv2%2Fcomments&post=51"}],"version-history":[{"count":6,"href":"https:\/\/ehpad-sacre-coeur.com\/index.php?rest_route=\/wp\/v2\/pages\/51\/revisions"}],"predecessor-version":[{"id":104,"href":"https:\/\/ehpad-sacre-coeur.com\/index.php?rest_route=\/wp\/v2\/pages\/51\/revisions\/104"}],"wp:attachment":[{"href":"https:\/\/ehpad-sacre-coeur.com\/index.php?rest_route=%2Fwp%2Fv2%2Fmedia&parent=51"}],"curies":[{"name":"wp","href":"https:\/\/api.w.org\/{rel}","templated":true}]}}